(w) = -5 - 71*w + 2*w**2 + 2 + 62*w - 2. Let y be q(-3). Suppose y = 7*f - 191. Calculate the greatest common factor of 55 and f.
11
Let i(l) = 7*l**3 - 13*l**2 + 40*l - 6. Let v be i(4). Suppose -60 - 297 = -3*k. Suppose -5*a - k = -v. What is the highest common divisor of 5 and a?
5
Let b = -100 - -104. Suppose -l = -5*l + 2*f + 98, -3*f = -b*l + 95. Calculate the highest common factor of l and 91.
13
Let g = -1458 + 1560. Suppose -6*s + 3978 = 12*s. Calculate the greatest common divisor of g and s.
17
Let c = -6380 - -6512. Calculate the highest common divisor of c and 110.
22
Let i be (-3 - (-23)/1) + 3. Suppose -10 = -2*p, -3*y - 6*p = -2*p - 572. Suppose -3*h + 7*h = y. Calculate the highest common divisor of h and i.
23
Let w be (-52 - -55) + (2 - -25 - -2). Suppose -27*q = -w*q + 370. What is the highest common factor of 111 and q?
37
Suppose 3*a - 14327 = -70*q + 66*q, a - 4759 = 2*q. What is the highest common divisor of 502 and a?
251
Let t(s) = 3*s - s**2 + 6*s + 2*s - 2*s + 13. Let k be t(10). Suppose 26 = 2*l - 5*z, k*z = 2*l - 19 - 3. What is the greatest common divisor of l and 20?
4
Suppose 5*j - 122 = 493. Let g = -319 + 317. Let t be -2*(-3 + 2) - -37 - g. What is the highest common divisor of j and t?
41
Let k = 157 + -208. Let l = k + 150. What is the highest common factor of l and 11?
11
Let j = -20 + 50. Let o(c) = -303*c - 1533. Let y be o(-6). What is the greatest common factor of j and y?
15
Suppose -146*d + 159*d = 897. Calculate the greatest common factor of d and 184.
23
Let k(u) = -u**2 + 19*u - 13. Let c be k(17). What is the highest common divisor of c and 2541?
21
Let i = -13 + 21. Let x(h) = -h**3 + 13*h**2 - 6*h - 24. Let w be x(10). Let v = 280 - w. What is the greatest common factor of v and i?
8
Let v be 2/(-5) - 2016/60. Let y be (-117)/(-4) + v/8 + 5. What is the greatest common factor of 330 and y?
30
Let r = 10648 + -9023. Calculate the highest common divisor of 375 and r.
125
Let m(v) = -2*v**3 - 187*v**2 + 89*v + 166. Let z be m(-94). What is the greatest common divisor of 36 and z?
12
Suppose -4*q + 5*w + 2712 - 2043 = 0, -w = -q + 167. Let k be ((-1)/3)/((-3)/18). What is the greatest common factor of q and k?
2
Suppose 49 = 12*x - 5*x. Suppose 5*f = x*f - 12. Let n be (-21)/(-14)*(-5)/((-5)/f). Calculate the greatest common divisor of 3 and n.
3
Let x be (2/8)/(2/144). Let s(m) = -m**3 - 22*m**2 - 26*m - 6. Let q be s(-21). What is the greatest common divisor of q and x?
9
Suppose l + 6 = -5*z, -5 = -5*l - z - 35. Let q(k) = -k**2 - 13*k + 3. Let m be q(l). Suppose -m = -8*x + 5*x. Calculate the highest common factor of x and 105.
15
Let z = 128 - -787. What is the highest common factor of 45 and z?
15
Let l(y) = 2*y**2 + 5*y - 16. Let o = -23 + 15. Let f be l(o). Calculate the highest common divisor of 180 and f.
36
Let m be 31 - ((-4)/(-5) + (-58)/10)*1. What is the greatest common divisor of 72 and m?
36
Suppose 6 = 5*y - 154. Suppose y = f - 6*h + 4*h, -3*f + 128 = 2*h. Suppose 3*x - 40 = -2*x. What is the highest common factor of x and f?
8
Let b = 77 - 63. Suppose 0 = -u - 0 + 13. Suppose 9*c - b = u. Calculate the highest common divisor of c and 3.
3
Suppose 71*c - 16 = 67*c. Suppose 5*g = p - 32, c*g - 17 = -p + 15. What is the highest common divisor of 544 and p?
32
Suppose 25*a = -2959 - 3591. Let w = a + 319. What is the highest common divisor of w and 399?
57
Let v = 2725 - -2763. What is the greatest common factor of 48 and v?
16
Let j = 52 - -20. Suppose 0*l - 8*l = j. Let t = 251 + l. What is the greatest common divisor of 22 and t?
22
Let l(v) = 765*v - 2020. Let b be l(4). Calculate the greatest common divisor of 2210 and b.
130
Let d be 111*(-20)/(-3)*38/95. What is the greatest common divisor of d and 32?
8
Let p be (84/(-7) + (-424)/(-12))*6/2. Calculate the greatest common factor of p and 560.
70
Suppose -34880 = 25*v - 61216 - 58139. Calculate the greatest common divisor of v and 93.
31
Suppose 2*t = -s + 26, 2*s = -t + 9 + 52. What is the greatest common factor of s and 19792?
16
Let f(q) be the second derivative of q**4/3 + 11*q**3/6 - 23*q**2/2 - q + 6. Let y be f(-6). Calculate the greatest common factor of y and 44.
11
Let l = 264 + -178. Let c = 116 - l. Calculate the greatest common divisor of c and 360.
30
Suppose 10*s - 22 = 5*p + 7*s, 0 = p + s + 6. Let t be ((-55)/20)/(p/80). Calculate the highest common factor of t and 1100.
44
Suppose 5*p = 2*k - 7*k + 675, 5*k + 522 = 4*p. Suppose p*i - 136*i + 423 = 0. Calculate the greatest common divisor of 188 and i.
47
Let t = 34254 - 34224. Calculate the greatest common factor of 11 and t.
1
Let d be 1242/81 + (-4)/(-6). Let f be 66/(-36)*d*21/(-4). Calculate the highest common factor of 14 and f.
14
Suppose -2*j - 645 = -3*j. Suppose 1770 = 5*k + j. Let w be (-1)/9 - -339*32/432. What is the highest common divisor of k and w?
25
Suppose 0 = 3*h - 5*i - 4062, 44*h - 4*i + 2686 = 46*h. Let m = h + -959. What is the highest common divisor of 60 and m?
30
Let x be 18897/30 - 29/(-290). What is the greatest common factor of x and 882?
126
Let c(s) = -8*s + 171. Let w be c(20). Let m = 357 - 324. What is the greatest common factor of m and w?
11
Suppose 18*v - 20204 = -5948. Let b = 896 - v. What is the highest common factor of 520 and b?
104
Suppose -17*v = -2*v - 1539 - 8586. Calculate the greatest common divisor of v and 325.
25
Suppose 125 = i - 5*t, 10*i + 3*t = 7*i + 357. Suppose 34*k + i = 49*k. What is the greatest common factor of 44 and k?
4
Let s be (0 - -1)/(44/52096). Calculate the greatest common factor of s and 37.
37
Let l be (-162)/1863 + 25/23. Calculate the highest common factor of 181 and l.
1
Let f = -15940 + 26703. What is the greatest common divisor of 47 and f?
47
Suppose 12*x - 102698 = 392086. What is the greatest common factor of x and 24?
24
Let b(o) = 4*o**3 + 25*o**2 + 9. Let x be b(-6). Calculate the greatest common divisor of 909 and x.
9
Let j be 4/((-8)/(-5))*24120/900. Calculate the greatest common divisor of j and 33433.
67
Let t(j) = j**3 - 18*j**2 + 13*j + 73. Let o be t(17). Suppose 0 = -7*m + 8*m - 4*r - 18, o*r = -5. Calculate the highest common factor of m and 1.
1
Suppose 8 = -y - 4*a, 4*y - 44 + 4 = 2*a. Suppose -2*j + 1494 = 4*i, y*i - j - 1485 = 4*i. What is the highest common divisor of i and 31?
31
Let g(u) = 5*u + 2. Let i be 5 + -1 + (-2)/2. Let d be g(i). Suppose -1024*f = -1022*f - 34. What is the highest common factor of f and d?
17
Suppose -x - 5*a + 4 = -3*a, 0 = -4*x + 5*a + 29. Suppose -5*l + 28 + 74 = -4*z, -4*z = l - x. Calculate the highest common factor of 12 and l.
6
Suppose -7*w - 28 + 35 = 0. Suppose -3*k = 5*h - 1928, 4*k - w = 3*k. Calculate the greatest common divisor of 77 and h.
77
Let q = 1091 + -524. Let z = q - 237. What is the highest common divisor of 11 and z?
11
Let o = -6592 + 8706. What is the greatest common factor of 21 and o?
7
Let l(p) = -36*p + 170. Let f be l(5). Let z be (f/(-2) - 4396/140)*-30. What is the greatest common factor of 99 and z?
99
Let w = -9832 - -10889. Calculate the greatest common divisor of 7 and w.
7
Suppose -2*f = -10 + 4. Suppose -r = f*r - 64. Let t be ((-22)/(-297)*36)/((-3)/(-45)). Calculate the greatest common divisor of t and r.
8
Let y = -5871 + 6071. What is the greatest common factor of 55 and y?
5
Let r = 25 - 252. Let n = -219 - r. What is the greatest common divisor of n and 20?
4
Let c = -3842 + 5378. Calculate the greatest common divisor of 168 and c.
24
Let l = -132 + 111. Let h be l/(-7)*(-4 - (-86)/6). What is the greatest common factor of h and 403?
31
Suppose -2*k = o + 1285 + 95, -5*k - 3450 = -2*o. Let f = k + 711. Calculate the greatest common factor of f and 672.
21
Let v = -10169 + 10223. What is the greatest common factor of 308 and v?
2
Let a be 3/(-63)*2 + (-1802)/42. Suppose w = 5*l - 292, l + 3*w - 68 = 8*w. Let k = a + l. What is the greatest common factor of k and 15?
15
Let s be -3 - 5 - ((4 - -1) + -580). What is the highest common factor of s and 7?
7
Let f(z) = 2*z + 38. Let g be f(-21). Let d = -7 - g. Let u(k) = -k**3 + 10*k + 4. Let i be u(d). What is the highest common factor of 7 and i?
1
Suppose 3*q - 44 = 4*h, -4*q + 255 - 145 = 2*h. What is the greatest common factor of 1384 a